{"id":284,"date":"2020-04-13T22:16:47","date_gmt":"2020-04-13T22:16:47","guid":{"rendered":"https:\/\/www.entrenarunning.com\/?page_id=284"},"modified":"2020-04-13T22:16:47","modified_gmt":"2020-04-13T22:16:47","slug":"curriculum-simon-brandon","status":"publish","type":"page","link":"https:\/\/www.entrenarunning.com\/?page_id=284","title":{"rendered":"Curriculum Sim\u00f3n Brand\u00f3n"},"content":{"rendered":"<div>\n<div><\/div>\n<div><img loading=\"lazy\" class=\"alignnone wp-image-170 size-full\" src=\"https:\/\/www.entrenarunning.com\/wp-content\/uploads\/2020\/04\/Collage-Santi-y-Sim\u00f3n.png\" alt=\"\" width=\"1748\" height=\"659\" srcset=\"https:\/\/www.entrenarunning.com\/wp-content\/uploads\/2020\/04\/Collage-Santi-y-Sim\u00f3n.png 1748w, https:\/\/www.entrenarunning.com\/wp-content\/uploads\/2020\/04\/Collage-Santi-y-Sim\u00f3n-300x113.png 300w, https:\/\/www.entrenarunning.com\/wp-content\/uploads\/2020\/04\/Collage-Santi-y-Sim\u00f3n-768x290.png 768w, https:\/\/www.entrenarunning.com\/wp-content\/uploads\/2020\/04\/Collage-Santi-y-Sim\u00f3n-1024x386.png 1024w\" sizes=\"(max-width: 706px) 89vw, (max-width: 767px) 82vw, 740px\" \/><\/div>\n<div class=\"TitleContainer__TitleContent-sc-1iap5es-0 fIFjZe\">\n<div class=\"TitleContainer__TitleIconContent-sc-1iap5es-1 bvWuct\">\n<div class=\"TitleContainer__IconContainer-sc-1iap5es-2 kcuLSJ\">\n<div>\n<div>\n<div aria-describedby=\"react-popper-tooltip\"><\/div>\n<\/div>\n<\/div>\n<\/div>\n<\/div>\n<\/div>\n<div class=\"TitleContainer__TitleContent-sc-1iap5es-0 fIFjZe\">\n<div class=\"TitleContainer__TitleIconContent-sc-1iap5es-1 bvWuct\">\n<h1><\/h1>\n<div class=\"TitleContainer__IconContainer-sc-1iap5es-2 kcuLSJ\">\n<div>\n<div class=\"jss129\" data-placement=\"top-center\">\n<h1><a href=\"tel:+34690195368\"><strong>Sim\u00f3n Brand\u00f3n <\/strong><\/a><\/h1>\n<p class=\"normal\"><span lang=\"es\">T\u00e9cnico superior en actividades f\u00edsicas y deportivas (TAFAD) Instituto Rosal\u00eda de Castro (Santiago de Compostela)<\/span><\/p>\n<p class=\"normal\"><span lang=\"es\">Monitor Nacional de Atletismo, por la Escuela Nacional de Entrenadores de la Real Federaci\u00f3n Espa\u00f1ola de Atletismo. <\/span><\/p>\n<ul>\n<li><span lang=\"es\">Entrenador en el Club Atletismo Fontes do Sar. (Estadio Municipal Vero Boquete-San L\u00e1zaro)<\/span><\/li>\n<li><span lang=\"es\">Instructor de sala fitness, musculaci\u00f3n y actividades dirigidas (Ciclo indoor, HIIT, Cardio, Gap, Cardio-tono, Edad de Oro) en Centro Wellness Absolute (A Estrada) <\/span><\/li>\n<li class=\"normal\"><span lang=\"es\">Experto en Ciclo Indoor. (Federaci\u00f3n Espa\u00f1ola de Actividades Dirigidas)<\/span><\/li>\n<li class=\"normal\"><span lang=\"es\">Experto en Pilates Reformer. (Federaci\u00f3n Espa\u00f1ola de Actividades Dirigidas)<\/span><\/li>\n<li class=\"normal\"><span lang=\"es\">T\u00e9cnico Nacional Nivel II en F\u00fatbol Sala. IES Constantino Ruso. (Vigo)<\/span><\/li>\n<li class=\"normal\"><span lang=\"es\">Curso Soporte Vital B\u00e1sico y Desfribilador externo semiautom\u00e1tico (DESA), DESA GALICIA.<\/span><\/li>\n<li class=\"normal\"><span lang=\"es\">Instructor cursos de nataci\u00f3n en Multiusos Fontes do Sar. <\/span><\/li>\n<li class=\"normal\"><span lang=\"es\">Experiencia como voluntariado internacional, en el pueblo de Tighdouine (Marruecos) con la Asociaci\u00f3n HART AFRIKA.<\/span><\/li>\n<\/ul>\n<\/div>\n<\/div>\n<\/div>\n<\/div>\n<\/div>\n<\/div>\n<div><\/div>\n","protected":false},"excerpt":{"rendered":"<p>Sim\u00f3n Brand\u00f3n T\u00e9cnico superior en actividades f\u00edsicas y deportivas (TAFAD) Instituto Rosal\u00eda de Castro (Santiago de Compostela) Monitor Nacional de Atletismo, por la Escuela Nacional de Entrenadores de la Real Federaci\u00f3n Espa\u00f1ola de Atletismo. Entrenador en el Club Atletismo Fontes do Sar. (Estadio Municipal Vero Boquete-San L\u00e1zaro) Instructor de sala fitness, musculaci\u00f3n y actividades dirigidas &hellip; <\/p>\n<p class=\"link-more\"><a href=\"https:\/\/www.entrenarunning.com\/?page_id=284\" class=\"more-link\">Continuar leyendo<span class=\"screen-reader-text\"> \u00abCurriculum Sim\u00f3n Brand\u00f3n\u00bb<\/span><\/a><\/p>\n","protected":false},"author":1,"featured_media":0,"parent":0,"menu_order":0,"comment_status":"closed","ping_status":"closed","template":"","meta":[],"_links":{"self":[{"href":"https:\/\/www.entrenarunning.com\/index.php?rest_route=\/wp\/v2\/pages\/284"}],"collection":[{"href":"https:\/\/www.entrenarunning.com\/index.php?rest_route=\/wp\/v2\/pages"}],"about":[{"href":"https:\/\/www.entrenarunning.com\/index.php?rest_route=\/wp\/v2\/types\/page"}],"author":[{"embeddable":true,"href":"https:\/\/www.entrenarunning.com\/index.php?rest_route=\/wp\/v2\/users\/1"}],"replies":[{"embeddable":true,"href":"https:\/\/www.entrenarunning.com\/index.php?rest_route=%2Fwp%2Fv2%2Fcomments&post=284"}],"version-history":[{"count":1,"href":"https:\/\/www.entrenarunning.com\/index.php?rest_route=\/wp\/v2\/pages\/284\/revisions"}],"predecessor-version":[{"id":285,"href":"https:\/\/www.entrenarunning.com\/index.php?rest_route=\/wp\/v2\/pages\/284\/revisions\/285"}],"wp:attachment":[{"href":"https:\/\/www.entrenarunning.com\/index.php?rest_route=%2Fwp%2Fv2%2Fmedia&parent=284"}],"curies":[{"name":"wp","href":"https:\/\/api.w.org\/{rel}","templated":true}]}}