{"id":275,"date":"2020-04-13T22:04:04","date_gmt":"2020-04-13T22:04:04","guid":{"rendered":"https:\/\/www.entrenarunning.com\/?page_id=275"},"modified":"2022-02-06T00:27:37","modified_gmt":"2022-02-06T00:27:37","slug":"curriculum-santi-canicoba","status":"publish","type":"page","link":"https:\/\/www.entrenarunning.com\/?page_id=275","title":{"rendered":"Curriculum Santi Canicoba"},"content":{"rendered":"<p>Fundador y currante de<strong> ENTRENARUNNING<\/strong>.<strong>\u00a0 <\/strong><\/p>\n<p><strong>Entrenador Nacional de Atletismo Nivel III<\/strong>, por la Escuela Nacional de Entrenadores de la <a href=\"https:\/\/www.rfea.es\/\">Real Federaci\u00f3n Espa\u00f1ola de Atletismo.<\/a><\/p>\n<p>M\u00e1ster Profesorado en F.P y Actividades Deportivas <a href=\"https:\/\/www.uned.es\/universidad\/inicio.html\">UNED<\/a><\/p>\n<p>Coordinador Deportivo<br \/>\nInstructor Actividades Running en <a href=\"https:\/\/www.multiusos.net\/\"><strong>Multiusos Fontes do Sar<\/strong><\/a>.<\/p>\n<p>&nbsp;<\/p>\n<ul>\n<li>Entrenador de Campeona Gallega Absoluta de 60m, 100m y 200m.<\/li>\n<li>Entrenador en varios Campeonatos de Espa\u00f1a Absolutos.<\/li>\n<li>Entrenador de Campe\u00f3n Gallego M\u00e1ster de 60m, 100m y 200m.<\/li>\n<li>T\u00e9cnico Selecci\u00f3n Gallega Campo a trav\u00e9s <a href=\"https:\/\/atletismo.gal\/\">Federaci\u00f3n Gallega de Atletismo<\/a><\/li>\n<li>Juez Nacional de Atletismo Nivel I<\/li>\n<li>Asesor en Electroestimulaci\u00f3n con <a href=\"https:\/\/wiemspro.com\/?lang=es\">Wiemspro<\/a> \u2013 Personal Fitnes Salud<\/li>\n<li>Curso Pedagog\u00eda para el deporte <a href=\"https:\/\/www.usc.gal\/gl\">USC<\/a><\/li>\n<li>Curso Terapia ABA(An\u00e1lisis aplicado al comportamiento)<\/li>\n<li>Curso Psicolog\u00eda y Educaci\u00f3n del Optimismo Ministerio de Educaci\u00f3n<\/li>\n<li>Curso de Liderazgo y Marca Personal.<\/li>\n<li>Diversos cursos de flexibilidad, fuerza, coordinaci\u00f3n, estimulaci\u00f3n temprana, etcetera<\/li>\n<li>Estudios sobre bases ergon\u00f3micas para un buen descanso y mejora de rendimiento laboral y deportivo<\/li>\n<\/ul>\n","protected":false},"excerpt":{"rendered":"<p>Fundador y currante de ENTRENARUNNING.\u00a0 Entrenador Nacional de Atletismo Nivel III, por la Escuela Nacional de Entrenadores de la Real Federaci\u00f3n Espa\u00f1ola de Atletismo. M\u00e1ster Profesorado en F.P y Actividades Deportivas UNED Coordinador Deportivo Instructor Actividades Running en Multiusos Fontes do Sar. &nbsp; Entrenador de Campeona Gallega Absoluta de 60m, 100m y 200m. Entrenador en &hellip; <\/p>\n<p class=\"link-more\"><a href=\"https:\/\/www.entrenarunning.com\/?page_id=275\" class=\"more-link\">Continuar leyendo<span class=\"screen-reader-text\"> \u00abCurriculum Santi Canicoba\u00bb<\/span><\/a><\/p>\n","protected":false},"author":1,"featured_media":0,"parent":0,"menu_order":0,"comment_status":"closed","ping_status":"closed","template":"","meta":[],"_links":{"self":[{"href":"https:\/\/www.entrenarunning.com\/index.php?rest_route=\/wp\/v2\/pages\/275"}],"collection":[{"href":"https:\/\/www.entrenarunning.com\/index.php?rest_route=\/wp\/v2\/pages"}],"about":[{"href":"https:\/\/www.entrenarunning.com\/index.php?rest_route=\/wp\/v2\/types\/page"}],"author":[{"embeddable":true,"href":"https:\/\/www.entrenarunning.com\/index.php?rest_route=\/wp\/v2\/users\/1"}],"replies":[{"embeddable":true,"href":"https:\/\/www.entrenarunning.com\/index.php?rest_route=%2Fwp%2Fv2%2Fcomments&post=275"}],"version-history":[{"count":5,"href":"https:\/\/www.entrenarunning.com\/index.php?rest_route=\/wp\/v2\/pages\/275\/revisions"}],"predecessor-version":[{"id":414,"href":"https:\/\/www.entrenarunning.com\/index.php?rest_route=\/wp\/v2\/pages\/275\/revisions\/414"}],"wp:attachment":[{"href":"https:\/\/www.entrenarunning.com\/index.php?rest_route=%2Fwp%2Fv2%2Fmedia&parent=275"}],"curies":[{"name":"wp","href":"https:\/\/api.w.org\/{rel}","templated":true}]}}